be d(0). Let c = -2 - a. List the prime factors of c.
3
Let j(l) = 7*l**2 + 8*l - 54. List the prime factors of j(5).
7, 23
Suppose 5*n = -o + 2791, 1140 = 2*n - 3*o + 10. What are the prime factors of n?
13, 43
Let o be (5 - -3)*1 + -3. Let a = 1 + o. Suppose -a = -2*s + 20. List the prime factors of s.
13
Let b be 4 + ((-492)/3)/2. What are the prime factors of b/(-2) + 1 + -1?
3, 13
Suppose 7*x = 19 + 9. Suppose 157 = x*a - 47. What are the prime factors of a?
3, 17
Suppose -3*y = -2*q - 2956, 3*y - 4*q - 495 = 2471. What are the prime factors of y?
2, 491
Let t be 22 + 1 + -9 + 4. Suppose 4*q + 5*m - 159 = -0*q, 0 = 5*q + 4*m - 192. Let x = q - t. List the prime factors of x.
2, 3
Let s = 465 - 276. Suppose 6*h = 93 + s. What are the prime factors of h?
47
Suppose -4*h - 822 = -118. Let a = -87 - h. What are the prime factors of a?
89
Let h(t) = 48*t + 29. List the prime factors of h(9).
461
Let m(u) = 2*u**3 + 6*u**2 - 3*u + 1. Let q(k) = 3*k**3 + 5*k**2 - 3*k + 1. Let o(i) = 4*m(i) - 3*q(i). List the prime factors of o(7).
2, 3, 13
Suppose 6*w - 16 = 14. Suppose r + 3*k - 4*k = 35, 2*k = -w*r + 210. Suppose 5*i - r = 25. List the prime factors of i.
13
Let w = -2236 + 3382. List the prime factors of w.
2, 3, 191
Suppose m - 25 - 1 = 0. Suppose -2*i + m + 42 = 4*d, 4*d = -4*i + 120. Suppose 1 = -3*k - 2*g + i, 2*g = -4*k + 32. What are the prime factors of k?
7
Let t be (-4 - -1)*-1*1. Suppose 0 = -t*n + n. Suppose -2*i - 2*i + 88 = n. List the prime factors of i.
2, 11
Suppose -176*m = -4*o - 177*m + 8756, -3*m = o - 2178. What are the prime factors of o?
2, 3, 5, 73
Let b(t) be the first derivative of t**5/60 + t**4/12 - 7*t**3/6 - 3*t**2/2 + 1. Let f(x) be the second derivative of b(x). What are the prime factors of f(-6)?
17
Let o = 1389 + -765. List the prime factors of o.
2, 3, 13
Suppose 5*d - 5*k - 12201 + 4471 = 0, 2*d = 4*k + 3086. What are the prime factors of d?
1549
Let o = 32 + -29. Suppose -o*l = 0, -4*l + l - 20 = -4*g. Suppose -g*p + 273 - 58 = 0. What are the prime factors of p?
43
Let b(w) = 254*w - 25. List the prime factors of b(2).
3, 7, 23
Let o be (-5)/(4 - 54/12). Suppose 148 = -o*v + 14*v - 5*i, -2*i = -5*v + 168. List the prime factors of v.
2
Let s(j) = -25*j - 44. Suppose c + 1 = -10. What are the prime factors of s(c)?
3, 7, 11
Suppose -8*b = -9*b + 4. Let l = -10 - -111. Suppose -5*w + 5 = 20, 0 = b*y - 3*w - l. List the prime factors of y.
23
Let t(r) = r**2 + 11*r - 6. Let z be t(-12). Let y = 30 - 42. Let q = z - y. List the prime factors of q.
2, 3
Let l(q) = -q**3 + 11*q**2 + 2*q - 2. Let r be l(11). Let w = r + -16. Suppose w*o + 21 = 5*m, -12 = -5*m - 2*o + 15. List the prime factors of m.
5
Let x be (45/10)/3*2. Suppose 0 = 5*y + x*t - 676, 4 = -2*t - 2. What are the prime factors of y?
137
Let o = -1366 - -2085. List the prime factors of o.
719
Suppose 8*w - 6017 = 895. List the prime factors of w.
2, 3
Let m be (-12)/(-5)*(-10)/(-4). Suppose 4*h + 6 = 3*p - m, -4*p - 5*h = 15. Suppose p*l + 30 = 5*l. List the prime factors of l.
2, 3
Suppose 0 = 5*z - 0*z - 20. Suppose 245 = 9*o - z*o. List the prime factors of o.
7
Let q(c) = c**2 - 5*c - 14. Let y(f) = -f**2 + 8*f + 2. Let z(n) = -n**3 + 9. Let s be z(0). Let x be y(s). List the prime factors of q(x).
2, 5, 7
Suppose 5*d - 170 - 30 = 0. Suppose 0 = x - 6*x - d. List the prime factors of (-2)/(-4)*(16 - x).
2, 3
Suppose -81*m + 73*m + 4664 = 0. What are the prime factors of m?
11, 53
Let p = 29 + -31. List the prime factors of (-8)/36 + (1556/(-18))/p.
43
List the prime factors of (-2)/8*-331*(-16 + 36).
5, 331
Suppose -3*z + 5*f - 4*f = -1474, z - 502 = 3*f. List the prime factors of z.
2, 5, 7
Suppose 0 = 6*d - 1727 - 157. Let m = -174 + d. What are the prime factors of (-14)/(-63) + m/18?
2
Suppose -29*k + 2748 = -27*k. List the prime factors of k.
2, 3, 229
Suppose 5*d = -n + 13, 5*d = -5*n + 3 + 2. List the prime factors of (1 + -2)*(d + -50).
47
Let s = 96 + -103. Let g(x) = -30*x - 50. What are the prime factors of g(s)?
2, 5
Let h(p) = -25*p. Let l = -12 + 11. Let d be h(l). Let c = d + -7. What are the prime factors of c?
2, 3
Let z = 1123 + -743. Suppose -5*f - 5*h = -10*f + z, -3*h = -3. Let w = f + -51. List the prime factors of w.
2, 13
Suppose -3*z + 828 = 6*a - 9*a, -2*z - a + 558 = 0. What are the prime factors of z?
2, 139
Let m = 12 - 8. Suppose -m*k = 2 - 6. What are the prime factors of 4/2 + k + 11?
2, 7
Let w(t) = -t**2 - 5*t + 2. Let n be w(-5). Suppose -n*r - 3*l = 81, -r + 123 = -4*r - 3*l. Let y = -24 - r. List the prime factors of y.
2, 3
Suppose 25*q - 21*q - 124 = 0. What are the prime factors of q - (-1)/((-6)/(-12))?
3, 11
Let a be (7 + -3 + -80)*6/(-8). Suppose 0 = 11*o - 10*o - a. List the prime factors of o.
3, 19
Let t be 1 - -2 - -3 - (-3)/3. Let b(q) = -q**2 + 25*q + 6. What are the prime factors of b(t)?
2, 3, 11
Let a be (16/(-10))/((-18)/1350). Suppose -y - 5*q = -a, 4*q = 4*y - 289 - 191. What are the prime factors of y?
2, 3, 5
Suppose -246*d + 257*d = 21593. What are the prime factors of d?
13, 151
Let s(t) = -t + 1. Let w be s(-2). Let k(c) = -15*c + 2. Let x be k(w). Let o = -23 - x. List the prime factors of o.
2, 5
Let t(h) = 6*h + 5. Let m(n) = 12*n + 9. Let j(r) = 4*m(r) - 7*t(r). Let z(u) = u**3 + 21*u**2 - 23*u - 20. Let q be z(-22). What are the prime factors of j(q)?
13
Let i(q) = 9*q - 6. Let k be i(11). Suppose 3*n = m - 165, 23 + 32 = -n - 3*m. Let f = n + k. List the prime factors of f.
2, 19
What are the prime factors of (-1 - 225)/((-3)/(21/2))?
7, 113
What are the prime factors of (-11 + 35)*81/4?
2, 3
Let n = 366 - 313. Suppose 16 = 5*h + 121. Let p = n + h. List the prime factors of p.
2
List the prime factors of (-32)/(-9)*135/15.
2
Suppose 9*u = 4*u - 5. List the prime factors of (3 - u) + 968/22.
2, 3
Let z(u) = 75*u + 213. List the prime factors of z(6).
3, 13, 17
Let b be (-13)/(-4) - (-3)/(-12). Suppose 3*v = 51 - b. List the prime factors of v.
2
Suppose 1512 = 3*f + f + 4*n, -5*f = -5*n - 1940. List the prime factors of f.
383
Suppose s = -2*s. Let o = -6 - -29. Let m = o + s. List the prime factors of m.
23
Let v(w) = 3*w - 19. Suppose 28 = 4*g - 0*g. Let a be v(g). Suppose -a*q = 3 + 1, 5*q - 43 = -u. List the prime factors of u.
53
Suppose 0 = -6*v - 465 + 1167. Let l = 174 - v. What are the prime factors of l?
3, 19
Let x = 1466 - 1018. List the prime factors of x.
2, 7
List the prime factors of 6*1407/28 + (-2)/4.
7, 43
Let q = -48 - -27. Let t = q + 23. Suppose -3*p + 8 - 33 = -g, -t*g = -p - 55. What are the prime factors of g?
2, 7
Let d(l) = -12*l**2 + 3*l - 2. Let w be d(7). Let y = -369 - w. What are the prime factors of y?
2, 5
Let h be (-3)/1*-1*41. Let p = h + -58. Let b = p + -37. List the prime factors of b.
2, 7
Let m = -107 + -24. Suppose -2 - 10 = 3*b. What are the prime factors of m/b - 3/(-12)?
3, 11
Let t(y) = -4*y**2. Let f be t(6). Let z be f/(-54)*3/2. Suppose -2*w - 230 = -z*c, -3*c + w + 77 = -95. List the prime factors of c.
3, 19
Let n = 706 - -295. What are the prime factors of n?
7, 11, 13
Let a = 167 + -10. List the prime factors of a.
157
Let h(l) = -68*l + 2. Suppose -p - 11 = -2*z, z = 6 - 1. List the prime factors of h(p).
2, 5, 7
Let q = 248 + -76. Suppose 3*c - q = -c. Suppose 0*k - t = k - 27, 0 = -k - 5*t + c. What are the prime factors of k?
23
Suppose 5*p + 3 = t - 27, -t + 20 = -3*p. List the prime factors of t.
5
Let z = 2544 - 1278. What are the prime factors of z?
2, 3, 211
Let q be 1 + 2 - (1 - -2). Suppose -3*n + 0*n - 174 = q. List the prime factors of (n/4 - 2)*-2.
3, 11
Let p(x) = 6*x**2 - 15*x + 14. What are the prime factors of p(11)?
5, 23
Suppose -181 = -3*r + 5*q, -4*r - 2*q = -172 - 78. Let v = -10 + r. What are the prime factors of v?
2, 13
Suppose 6*o - 2*o = 0. Suppose -l = 5*a - o*a - 183, a - 5*l = 21. List the prime factors of a.
2, 3
Let d = -51 + 54. Suppose -d*t + 141 + 60 = 0. List the prime factors of t.
67
Let s be (-2 - 2)/(-1 + 3). List the prime factors of (5 + 211/s)*(-4)/6.
67
Suppose 0*c - l - 70 = -2*c, 4*c = l + 142. Suppose -576 = c*m - 40*m. List the prime factors of m.
2, 3
Let h = 8581 + -2755. List the prime factors of h.
2, 3, 971
Let b be 826/14 - (-6)/(-2). Suppose 6*z - b = -20. Suppose -z